1. Give d(19).
243
Let f(j) = -j**3 - 172*j**2 - j - 169. What is f(-172)?
3
Let t(g) = 2*g**3 + 7*g**2 - 157*g - 618. Determine t(-4).
-6
Let z(v) = -18*v - 665. What is z(-39)?
37
Let c(w) = -23*w + 39. What is c(-6)?
177
Let b(d) = d**3 - 79*d**2 + 1553*d + 29. Give b(37).
-8
Let s(z) = z**3 - 3*z**2 - 59*z - 13. What is s(-7)?
-90
Let a(u) = 31*u**3 + 2*u**2 + 4*u + 3. Determine a(-1).
-30
Let m(b) = b**3 - 7*b**2 + 10*b + 39. What is m(-2)?
-17
Let o(b) = -b**3 - 2*b**2 - 13*b - 54. Give o(-6).
168
Let x(s) = 346*s + 3197. What is x(-9)?
83
Let j(h) = 164*h - 6366. What is j(39)?
30
Let l(o) = 8*o**2 - 136*o - 2. What is l(17)?
-2
Let x(l) = 3*l**2 - 49*l + 34. Determine x(15).
-26
Let j(h) = -877*h - 7896. Determine j(-9).
-3
Let o(d) = d**2 - 38*d - 451. Determine o(-9).
-28
Let x(m) = -m**2 + 37*m + 120. Calculate x(-3).
0
Let n(b) = -10*b - 101. Calculate n(-8).
-21
Let b(c) = -203*c - 346. Give b(-2).
60
Let m(z) = -178*z + 1715. Give m(9).
113
Let p(z) = -z**3 + 3*z**2 + 74*z + 161. Calculate p(11).
7
Let t(v) = 12*v + 12. Give t(19).
240
Let v(h) = -h**3 + 26*h**2 + 170*h + 640. Give v(32).
-64
Let k(v) = 4*v**3 + 8*v**2 - 16*v - 16. What is k(-4)?
-80
Let j(k) = -442*k - 11719. What is j(-26)?
-227
Let v(y) = -2*y**3 + 26*y**2 + 23*y + 63. What is v(12)?
627
Let x(j) = 202*j - 46846. Give x(232).
18
Let v(c) = -2*c**3 - 82*c**2 + 164*c - 70. Calculate v(-43).
274
Let k(b) = -3*b**2 - 8*b + 214. Determine k(-8).
86
Let m(i) = 3*i**2 - 5*i + 59. Determine m(0).
59
Let q(f) = -f**3 - 36*f**2 - 46*f - 376. Calculate q(-35).
9
Let b(g) = g**3 + 9*g**2 + 69*g + 293. What is b(-6)?
-13
Let x(w) = 16*w - 1818. Determine x(116).
38
Let u(s) = -s**2 - 46*s - 247. Give u(-32).
201
Let f(l) = -l**2 - 15*l - 14. Give f(-15).
-14
Let s(r) = 10*r + 168. Give s(-14).
28
Let b(u) = -u**3 - 36*u**2 - 182*u + 12. What is b(-30)?
72
Let r(m) = 80*m - 749. Give r(9).
-29
Let n(o) = -4*o**3 + 67*o**2 - 268*o - 5. Calculate n(8).
91
Let p(s) = -2*s**2 - 71*s + 1810. What is p(-53)?
-45
Let d(p) = -p**3 + 34*p**2 - 81*p - 11. Calculate d(31).
361
Let k(d) = 2*d**3 - 30*d**2 - 6*d + 77. What is k(15)?
-13
Let a(q) = q**3 - 4*q**2 - 15*q + 58. Calculate a(4).
-2
Let f(x) = 103*x - 807. Calculate f(8).
17
Let s(z) = -6*z**2 + 163*z - 94. Calculate s(27).
-67
Let k(b) = -8*b**2 + 30*b + 31. Give k(4).
23
Let z(g) = g**3 + 19*g**2 - 15*g - 22. What is z(-20)?
-122
Let n(r) = -r**3 + 5*r**2 - 7*r - 5. Give n(3).
-8
Let h(c) = -c**2 - 109*c + 1642. What is h(14)?
-80
Let i(r) = 34*r - 304. Calculate i(8).
-32
Let d(w) = -3*w**2 - 43*w - 114. Calculate d(-11).
-4
Let r(c) = -c**2 + c - 157. Give r(9).
-229
Let a(j) = -10412*j - 166594. Calculate a(-16).
-2
Let l(x) = x**3 + 14*x**2 - 25*x - 55. Determine l(-14).
295
Let d(j) = -7*j**2 - 193*j - 98. What is d(-25)?
352
Let s(r) = r**3 + 18*r**2 + 13*r - 30. Calculate s(-8).
506
Let u(p) = -p - 51. Give u(7).
-58
Let m(q) = -105*q**2 - 6*q + 5. Give m(-2).
-403
Let x(c) = -3*c**2 + 57*c + 46. Give x(23).
-230
Let z(i) = i**3 + 8*i**2 + 8*i - 11. Calculate z(-6).
13
Let a(l) = 91*l - 2005. Calculate a(21).
-94
Let k(g) = 226*g - 1620. Calculate k(7).
-38
Let d(m) = 67*m**2 + 2*m + 24. Give d(0).
24
Let m(r) = r**3 + 24*r**2 + 105*r + 185. What is m(-19)?
-5
Let c(l) = -l**2 - 4*l + 2202. Calculate c(45).
-3
Let q(j) = 14789*j + 59159. What is q(-4)?
3
Let y(m) = -3*m**2 - 25*m - 64. What is y(-7)?
-36
Let s(w) = -355*w + 3457. Calculate s(10).
-93
Let j(v) = -2*v**3 + 27*v**2 - 131*v - 14. Determine j(6).
-260
Let c(z) = -1669*z + 126848. Give c(76).
4
Let c(l) = -4*l**3 - 20*l**2 - 12*l + 19. What is c(-4)?
3
Let d(r) = -r**3 - 17*r**2 + 15*r + 14. Calculate d(-17).
-241
Let c(k) = -140*k + 506. What is c(6)?
-334
Let g(c) = -2*c**2 + 1840*c + 20486. Give g(-11).
4
Let d(r) = -670*r + 25473. Calculate d(38).
13
Let h(x) = -5*x**2 + 8*x - 23. What is h(6)?
-155
Let k(g) = 2*g**3 + 47*g**2 + 147*g + 44. Determine k(-20).
-96
Let c(v) = 11*v**2 + 60*v - 542. Determine c(6).
214
Let l(n) = 151*n + 1663. Determine l(-11).
2
Let p(o) = 12*o**2 + 50*o + 13. What is p(-7)?
251
Let u(d) = -4*d**3 - 17*d**2 + 70*d - 9. Calculate u(4).
-257
Let z(f) = 91*f - 256. Give z(4).
108
Let t(n) = n**3 + 8*n**2 + 4*n + 55. What is t(-8)?
23
Let w(c) = -3*c**3 - 7*c**2 - 13*c - 17. Calculate w(-3).
40
Let o(z) = -18*z - 48. Calculate o(1).
-66
Let h(n) = -n**3 - 5*n**2 + 116*n + 155. Determine h(-13).
-1
Let n(a) = 43*a - 1708. Calculate n(32).
-332
Let l(v) = -v**3 - 21*v**2 - 14. Give l(0).
-14
Let w(i) = 56*i + 126. Calculate w(-3).
-42
Let z(u) = 90*u - 11253. What is z(125)?
-3
Let i(f) = 4527*f - 4541. Determine i(1).
-14
Let m(k) = -k**2 + 22*k - 120. What is m(13)?
-3
Let q(b) = -21*b + 1837. What is q(92)?
-95
Let z(h) = 2*h**3 - 283*h**2 + 146*h - 721. What is z(141)?
-16
Let j(v) = v**2 - 31*v + 10. Determine j(29).
-48
Let h(f) = -f**3 - 114*f**2 - 944*f + 71. Calculate h(-105).
-34
Let k(o) = o**3 + 169*o**2 + 161*o - 1203. Give k(-168).
-27
Let g(y) = -34*y + 1002. Give g(29).
16
Let a(g) = -10*g - 419. Calculate a(-41).
-9
Let w(k) = -200*k - 3405. Give w(-17).
-5
Let g(d) = 803*d - 42. Determine g(0).
-42
Let a(h) = 94*h**2 - 1615*h + 294. Give a(17).
5
Let g(l) = l**3 - 28*l**2 + 166*l + 89. Calculate g(19).
-6
Let j(d) = 12*d**2 + 408*d - 145. Give j(-33).
-541
Let b(l) = 2*l**3 - 32*l**2 - 7*l - 1137. What is b(18)?
33
Let j(l) = 134*l + 24125. What is j(-180)?
5
Let m(d) = -310*d - 59209. What is m(-191)?
1
Let o(h) = 22*h**2 + 3. Calculate o(-3).
201
Let l(t) = 9*t**3 + t**2 + 12*t - 80. Give l(4).
560
Let z(s) = 1382*s + 161688. What is z(-117)?
-6
Let y(q) = 277*q - 2536. Determine y(9).
-43
Let k(o) = 6*o**3 - 22*o**2 - 6*o + 20. What is k(4)?
28
Let p(o) = -o**3 - 4*o**2 - 3*o - 56. Determine p(-5).
-16
Let r(w) = 3*w**3 + w**2 - 9*w - 7. Determine r(-3).
-52
Let x(o) = -o**3 + 5*o**2 + 22*o - 2. Calculate x(-5).
138
Let c(f) = -131*f - 803. Calculate c(-6).
-17
Let v(r) = -r**3 - 40*r**2 - 403*r + 1. What is v(-20)?
61
Let o(k) = -74*k + 489. What is o(7)?
-29
Let f(d) = 2*d**2 + d - 150. Calculate f(-9).
3
Let o(l) = -l**3 + 15*l**2 - 18*l + 266. What is o(16)?
-278
Let i(o) = -13*o**2 + 5*o + 64. What is i(4)?
-124
Let r(o) = -o**3 + 31*o**2 - 21*o - 37. Calculate r(30).
233
Let v(g) = 7*g**2 - 17*g - 2. Give v(7).
222
Let j(w) = -w**2 - 17*w + 54. What is j(-13)?
106
Let r(j) = 3*j**3 + 8*j - 9. Give r(1).
2
Let y(l) = 3*l**3 - 4*l**2 + 14*l - 4. Determine y(4).
180
Let w(t) = -t**3 + 5*t**2 + 25*t - 141. Calculate w(5).
-16
Let d(a) = 2*a**2 + 37*a - 114. Give d(-25).
211
Let j(m) = -10*m + 15. What is j(25)?
-235
Let j(v) = 134*v - 7760. Determine j(58).
12
Let g(w) = w**3 - 4*w**2 - 34*w - 25. Calculate g(-3).
14
Let f(g) = g**3 + 6*g**2 - 136*g - 955. Determine f(-8).
5
Let i(v) = 4*v**2 - 15*v - 1. Give i(2).
-15
Let i(v) = -13*v**2 + v + 330. Determine i(-5).
0
Let v(r) = 2*r**3 + 7*r**2 - 7*r + 2. Give v(1).
4
Let n(x) = -21873*x + 153116. Determine n(7).
5
Let z(v) = -v**2 - 291*v + 6918. Calculate z(22).
32
Let q(b) = 12*b**2 + 611*b - 30. What is q(-51)?
21
Let m(v) = -19*v + 260. Give m(23).
-177
Let g(f) = -f**2 - 9*f + 55. Determine g(4).
3
Let x(q) = 97*q - 381. Calculate x(4).
7
Let x(l) = l**3 + 17*l**2 - 6*l + 4. What is x(-14)?
676
Let u(c) = 452*c - 123. Give u(0).
-123
Let a(c) = -c**2 - 130*c - 505. Calculate a(-4).
-1
Let f(a) = 29*a + 1862. Calculate f(-63).
35
Let n(b) = -38*b**2 - 614*b - 96. Calculate n(-16).
0
Let b(v) = v**3 - 5*v**2 - 4653*v + 13978. Calculate b(3).
1
Let q(w) = 10*w**2 + 72*w + 90. Calculate q(-6).
18
Let u(g) = -g**3 - 34*g**2 - 84*g + 253. Calculate u(-31).
-26
Let n(h) = -95*h - 289. Calculate n(-3).
-4
Let p(g) = 201*g - 2271. What is p(12)?
141
Let b(n) = 2*n**2 - 63*n + 28. Give b(31).
-3
Let x(u) = 13*u**2 + 134*u + 94. What is x(-10)?
54
Let p(j) = -52*j + 234. Determine p(4).
26
Let q(x) = 3*x**3 + 25*x**2 + 7*x - 73. Determine q(-7).
74
Let j(a) = 106*a - 4764. Calculate j(45).
6
Let w(h) = -2*h**2 - 9*h + 21. Calculate w(3).
-24
Let j(c) = -104*c + 542. Give j(4).
126
Let f(y) = y**3 - 20*y**2 - 21*y - 1. Determine f(21).
-1
Let s(y) = -21*y + 1077. Give s(50).
27
Let t(x) = 2*x**3 - 46*x**2 + 42*x + 29. Calculate t(22).
-15
Let b(i) = -158*i +